{"id":2286,"date":"2021-09-06T15:16:06","date_gmt":"2021-09-06T13:16:06","guid":{"rendered":"https:\/\/rohlikvparku.cz\/rvphome\/?page_id=2286"},"modified":"2021-09-06T15:28:17","modified_gmt":"2021-09-06T13:28:17","slug":"ochrana-osobnich-udaju","status":"publish","type":"page","link":"https:\/\/rohlikvparku.cz\/rvphome\/ochrana-osobnich-udaju\/","title":{"rendered":"ochrana osobn\u00edch \u00fadaj\u016f"},"content":{"rendered":"\t\t<div data-elementor-type=\"wp-page\" data-elementor-id=\"2286\" class=\"elementor elementor-2286\">\n\t\t\t\t\t\t<section class=\"elementor-section elementor-top-section elementor-element elementor-element-87464da elementor-section-boxed elementor-section-height-default elementor-section-height-default\" data-id=\"87464da\" data-element_type=\"section\">\n\t\t\t\t\t\t<div class=\"elementor-container elementor-column-gap-default\">\n\t\t\t\t\t<div class=\"elementor-column elementor-col-100 elementor-top-column elementor-element elementor-element-a13d2ca\" data-id=\"a13d2ca\" data-element_type=\"column\">\n\t\t\t<div class=\"elementor-widget-wrap elementor-element-populated\">\n\t\t\t\t\t\t<div class=\"elementor-element elementor-element-3542e5a elementor-widget elementor-widget-heading\" data-id=\"3542e5a\" data-element_type=\"widget\" data-widget_type=\"heading.default\">\n\t\t\t\t<div class=\"elementor-widget-container\">\n\t\t\t<h3 class=\"elementor-heading-title elementor-size-large\">Z\u00e1sady ochrany osobn\u00edch \u00fadaj\u016f<\/h3>\t\t<\/div>\n\t\t\t\t<\/div>\n\t\t\t\t<div class=\"elementor-element elementor-element-1edd4ea elementor-widget-divider--view-line elementor-widget elementor-widget-divider\" data-id=\"1edd4ea\" data-element_type=\"widget\" data-widget_type=\"divider.default\">\n\t\t\t\t<div class=\"elementor-widget-container\">\n\t\t\t\t\t<div class=\"elementor-divider\">\n\t\t\t<span class=\"elementor-divider-separator\">\n\t\t\t\t\t\t<\/span>\n\t\t<\/div>\n\t\t\t\t<\/div>\n\t\t\t\t<\/div>\n\t\t\t\t<div class=\"elementor-element elementor-element-fa80987 elementor-widget elementor-widget-text-editor\" data-id=\"fa80987\" data-element_type=\"widget\" data-widget_type=\"text-editor.default\">\n\t\t\t\t<div class=\"elementor-widget-container\">\n\t\t\t\t\t\t\t<p><strong>Z\u00e1sady ochrany osobn\u00edch \u00fadaj\u016f webu rohlikvparku.cz<\/strong><\/p><p>Spr\u00e1va webu rohlikvparku.cz se zavazuje dodr\u017eovat z\u00e1sady ochrany Va\u0161ich osobn\u00edch \u00fadaj\u016f na Internetu. Klademe velk\u00fd d\u016fraz na ochranu poskytovan\u00fdch \u00fadaj\u016f. Na\u0161e z\u00e1sady ochrany osobn\u00edch \u00fadaj\u016f jsou zalo\u017eeny na\u00a0<a href=\"https:\/\/ec.europa.eu\/info\/law\/law-topic\/data-protection\/data-protection-eu_cs\">ustanoven\u00edch V\u0161eobecn\u00fdch p\u0159edpis\u016f pro ochranu osobn\u00edch \u00fadaj\u016f Evropsk\u00e9 unie (GDPR).\u00a0<\/a>\u00da\u010dely, pro kter\u00e9 shroma\u017e\u010fujeme osobn\u00ed \u00fadaje, jsou tyto: zlep\u0161en\u00ed na\u0161ich slu\u017eeb, komunikace s n\u00e1v\u0161t\u011bvn\u00edky tohoto webu, poskytov\u00e1n\u00ed informac\u00ed, po\u017eadovan\u00fdch u\u017eivatelem, poskytov\u00e1n\u00ed slu\u017eeb, souvisej\u00edc\u00edch se zam\u011b\u0159en\u00edm \u010dinnosti p\u0159edm\u011btn\u00e9 webov\u00e9 str\u00e1nky, a tak\u00e9 pro n\u00e1sleduj\u00edc\u00ed \u00fakony.<\/p><p><strong>Shroma\u017e\u010fov\u00e1n\u00ed a pou\u017e\u00edv\u00e1n\u00ed osobn\u00edch \u00fadaj\u016f<\/strong><\/p><p>Osobn\u00ed \u00fadaje shroma\u017e\u010fujeme a pou\u017e\u00edv\u00e1me pouze v p\u0159\u00edpad\u011b va\u0161eho dobrovoln\u00e9ho souhlasu. Pokud s t\u00edm budete souhlasit, povolujete n\u00e1m shroma\u017e\u010fovat a pou\u017e\u00edvat n\u00e1sleduj\u00edc\u00ed \u00fadaje: jm\u00e9no a p\u0159\u00edjmen\u00ed, e-mail, . Shroma\u017e\u010fov\u00e1n\u00ed a zpracov\u00e1n\u00ed Va\u0161ich \u00fadaj\u016f prob\u00edh\u00e1 v souladu s pr\u00e1vn\u00edmi p\u0159edpisy, platn\u00fdmi na \u00fazem\u00ed Evropsk\u00e9 unie a st\u00e1tu \u010cesk\u00e1 republika.<\/p><p><strong>Ukl\u00e1d\u00e1n\u00ed, \u00faprava a maz\u00e1n\u00ed dat<\/strong><\/p><p>U\u017eivatel, kter\u00fd poskytl sv\u00e9 osobn\u00ed \u00fadaje webov\u00fdm str\u00e1nk\u00e1m rohlikvparku.cz, m\u00e1 opr\u00e1vn\u011bn\u00ed nad\u00e1le je upravovat i mazat, stejn\u011b jako odvolat sv\u016fj souhlas s jejich pou\u017eit\u00edm. Doba, po kterou budou Va\u0161e osobn\u00ed \u00fadaje ulo\u017eeny: \u010das pot\u0159ebn\u00fd k vyu\u017eit\u00ed \u00fadaj\u016f pro hlavn\u00ed \u010dinnost webu. V p\u0159\u00edpad\u011b ukon\u010den\u00ed pou\u017e\u00edv\u00e1n\u00ed Va\u0161ich \u00fadaj\u016f je spr\u00e1va webu odstran\u00ed. Pro p\u0159\u00edstup k Va\u0161im osobn\u00edm \u00fadaj\u016fm m\u016f\u017eete kontaktovat spr\u00e1vu webu na adrese: info@rohlikvparku.cz. Va\u0161e osobn\u00ed \u00fadaje neposkytujeme t\u0159et\u00edm stran\u00e1m.<\/p><p><strong>Poskytov\u00e1n\u00ed informac\u00ed d\u011btmi<\/strong><\/p><p>Pokud jste rodi\u010dem, nebo opatrovn\u00edkem a zjistili jste, \u017ee Va\u0161e d\u011bti n\u00e1m poskytly sv\u00e9 osobn\u00ed \u00fadaje bez Va\u0161eho souhlasu, kontaktujte n\u00e1s: info@rohlikvparku.cz. Na\u0161e slu\u017eba zakazuje ukl\u00e1dat osobn\u00ed \u00fadaje nezletil\u00fdch bez souhlasu rodi\u010d\u016f nebo opatrovn\u00edk\u016f.<\/p><p><strong>Vyu\u017eit\u00ed osobn\u00edch \u00fadaj\u016f jin\u00fdmi slu\u017ebami<\/strong><\/p><p>Tato str\u00e1nka pou\u017e\u00edv\u00e1 internetov\u00e9 slu\u017eby t\u0159et\u00edch stran, kter\u00e9 sb\u00edraj\u00ed informace nez\u00e1visle na n\u00e1s: Seznam.cz, .<\/p><p>Shroma\u017e\u010fovan\u00e1 data mohou b\u00fdt sd\u00edlena s dal\u0161\u00edmi slu\u017ebami uvnit\u0159 t\u011bchto organizac\u00ed a mohou b\u00fdt pou\u017eity p\u0159i personalizaci reklam v jejich vlastn\u00ed reklamn\u00ed s\u00edti. U\u017eivatelsk\u00e9 dohody t\u011bchto organizac\u00ed si m\u016f\u017eete p\u0159e\u010d\u00edst na jejich webov\u00fdch str\u00e1nk\u00e1ch. Tam m\u016f\u017eete tak\u00e9 odm\u00edtnout shroma\u017e\u010fov\u00e1n\u00ed va\u0161ich osobn\u00edch \u00fadaj\u016f, nap\u0159\u00edklad zde najdete\u00a0<a href=\"https:\/\/tools.google.com\/dlpage\/gaoptout?hl=en\">blok\u00e1tor slu\u017eby Google Analytics.<\/a>\u00a0Osobn\u00ed \u00fadaje nep\u0159ed\u00e1v\u00e1me jin\u00fdm organizac\u00edm a slu\u017eb\u00e1m, kter\u00e9 nejsou uvedeny v t\u011bchto z\u00e1sad\u00e1ch ochrany osobn\u00edch \u00fadaj\u016f. Jedinou v\u00fdjimkou je p\u0159ed\u00e1v\u00e1n\u00ed informac\u00ed podle z\u00e1konn\u00fdch po\u017eadavk\u016f st\u00e1tn\u00edch org\u00e1n\u016f, opr\u00e1vn\u011bn\u00fdch k prov\u00e1d\u011bn\u00ed takov\u00fdch \u00fakon\u016f.<\/p><p><strong>Odkazy na jin\u00e9 str\u00e1nky<\/strong><\/p><p>Na\u0161e str\u00e1nky rohlikvparku.cz mohou obsahovat odkazy na jin\u00e9 weby, kter\u00e9 nejsou n\u00e1mi provozov\u00e1ny. Za jejich obsah neneseme zodpov\u011bdnost. Doporu\u010dujeme, abyste si p\u0159e\u010detli z\u00e1sady ochrany osobn\u00edch \u00fadaj\u016f na t\u011bch str\u00e1nk\u00e1ch, kter\u00e9 jste nav\u0161t\u00edvili, pokud jsou tam uvedeny.<\/p><p><strong>Zm\u011bny z\u00e1sad ochrany osobn\u00edch \u00fadaj\u016f<\/strong><\/p><p>Na\u0161e str\u00e1nky rohlikvparku.cz mohou ob\u010das aktualizovat sv\u00e9 z\u00e1sady ochrany osobn\u00edch \u00fadaj\u016f. V\u0161echny zm\u011bny oznamujeme formou zve\u0159ej\u0148ov\u00e1n\u00ed nov\u00fdch z\u00e1sad ochrany osobn\u00edch \u00fadaj\u016f na t\u00e9to str\u00e1nce. Sledujeme zm\u011bny v legislativ\u011b, t\u00fdkaj\u00edc\u00ed se ochrany osobn\u00edch \u00fadaj\u016f v Evropsk\u00e9 unii a ve st\u00e1t\u011b \u010cesk\u00e1 republika. Pokud jste n\u00e1m sv\u011b\u0159ili sv\u00e9 osobn\u00ed \u00fadaje, upozorn\u00edme V\u00e1s na p\u0159\u00edpadnou zm\u011bnu z\u00e1sad ochrany osobn\u00edch \u00fadaj\u016f. Pokud byly Va\u0161e kontaktn\u00ed \u00fadaje zad\u00e1ny nespr\u00e1vn\u011b, pak V\u00e1s kontaktovat nem\u016f\u017eeme.<\/p><p><strong>Zp\u011btn\u00e1 vazba, z\u00e1v\u011bre\u010dn\u00e1 ustanoven\u00ed<\/strong><\/p><p>M\u00e1te-li jak\u00e9koliv dotazy, souvisej\u00edc\u00ed se z\u00e1sadami ochrany osobn\u00edch \u00fadaj\u016f, kontaktujte spr\u00e1vce webu rohlikvparku.cz, p\u0159es: info@rohlikvparku.cz, nebo vyu\u017eijte kontaktn\u00ed formul\u00e1\u0159, uveden\u00fd v p\u0159\u00edslu\u0161n\u00e9 \u010d\u00e1sti tohoto webu. Pokud s t\u011bmito z\u00e1sadami ochrany osobn\u00edch \u00fadaj\u016f nesouhlas\u00edte, nem\u016f\u017eete nad\u00e1le vyu\u017e\u00edvat slu\u017eby webu rohlikvparku.cz. V takov\u00e9m p\u0159\u00edpad\u011b se mus\u00edte vzd\u00e1t mo\u017enosti nav\u0161t\u011bvovat na\u0161e str\u00e1nky<\/p>\t\t\t\t\t\t<\/div>\n\t\t\t\t<\/div>\n\t\t\t\t\t<\/div>\n\t\t<\/div>\n\t\t\t\t\t<\/div>\n\t\t<\/section>\n\t\t\t\t<\/div>\n\t\t","protected":false},"excerpt":{"rendered":"<p>Z\u00e1sady ochrany osobn\u00edch \u00fadaj\u016f Z\u00e1sady ochrany osobn\u00edch \u00fadaj\u016f webu rohlikvparku.cz Spr\u00e1va webu rohlikvparku.cz se zavazuje dodr\u017eovat z\u00e1sady ochrany Va\u0161ich osobn\u00edch \u00fadaj\u016f na Internetu. Klademe velk\u00fd d\u016fraz na ochranu poskytovan\u00fdch \u00fadaj\u016f. Na\u0161e z\u00e1sady ochrany osobn\u00edch \u00fadaj\u016f jsou zalo\u017eeny na\u00a0ustanoven\u00edch V\u0161eobecn\u00fdch p\u0159edpis\u016f pro ochranu osobn\u00edch \u00fadaj\u016f Evropsk\u00e9 unie (GDPR).\u00a0\u00da\u010dely, pro kter\u00e9 shroma\u017e\u010fujeme osobn\u00ed \u00fadaje, jsou tyto: zlep\u0161en\u00ed &hellip; <\/p>\n<p class=\"link-more\"><a href=\"https:\/\/rohlikvparku.cz\/rvphome\/ochrana-osobnich-udaju\/\" class=\"more-link\">Pokra\u010dovat ve \u010dten\u00ed<span class=\"screen-reader-text\"> &#8222;ochrana osobn\u00edch \u00fadaj\u016f&#8220;<\/span><\/a><\/p>\n","protected":false},"author":1,"featured_media":0,"parent":0,"menu_order":0,"comment_status":"closed","ping_status":"closed","template":"elementor_header_footer","meta":{"footnotes":""},"yoast_head":"<!-- This site is optimized with the Yoast SEO plugin v22.4 - https:\/\/yoast.com\/wordpress\/plugins\/seo\/ -->\n<title>ochrana osobn\u00edch \u00fadaj\u016f - Rohl\u00edk v p\u00e1rku<\/title>\n<meta name=\"robots\" content=\"index, follow, max-snippet:-1, max-image-preview:large, max-video-preview:-1\" \/>\n<link rel=\"canonical\" href=\"https:\/\/rohlikvparku.cz\/rvphome\/ochrana-osobnich-udaju\/\" \/>\n<meta property=\"og:locale\" content=\"cs_CZ\" \/>\n<meta property=\"og:type\" content=\"article\" \/>\n<meta property=\"og:title\" content=\"ochrana osobn\u00edch \u00fadaj\u016f - Rohl\u00edk v p\u00e1rku\" \/>\n<meta property=\"og:description\" content=\"Z\u00e1sady ochrany osobn\u00edch \u00fadaj\u016f Z\u00e1sady ochrany osobn\u00edch \u00fadaj\u016f webu rohlikvparku.cz Spr\u00e1va webu rohlikvparku.cz se zavazuje dodr\u017eovat z\u00e1sady ochrany Va\u0161ich osobn\u00edch \u00fadaj\u016f na Internetu. Klademe velk\u00fd d\u016fraz na ochranu poskytovan\u00fdch \u00fadaj\u016f. Na\u0161e z\u00e1sady ochrany osobn\u00edch \u00fadaj\u016f jsou zalo\u017eeny na\u00a0ustanoven\u00edch V\u0161eobecn\u00fdch p\u0159edpis\u016f pro ochranu osobn\u00edch \u00fadaj\u016f Evropsk\u00e9 unie (GDPR).\u00a0\u00da\u010dely, pro kter\u00e9 shroma\u017e\u010fujeme osobn\u00ed \u00fadaje, jsou tyto: zlep\u0161en\u00ed &hellip; Pokra\u010dovat ve \u010dten\u00ed &quot;ochrana osobn\u00edch \u00fadaj\u016f&quot;\" \/>\n<meta property=\"og:url\" content=\"https:\/\/rohlikvparku.cz\/rvphome\/ochrana-osobnich-udaju\/\" \/>\n<meta property=\"og:site_name\" content=\"Rohl\u00edk v p\u00e1rku\" \/>\n<meta property=\"article:publisher\" content=\"https:\/\/www.facebook.com\/Rohl%c3%adk-v-p%c3%a1rku-105049677970899\" \/>\n<meta property=\"article:modified_time\" content=\"2021-09-06T13:28:17+00:00\" \/>\n<meta name=\"twitter:card\" content=\"summary_large_image\" \/>\n<meta name=\"twitter:label1\" content=\"Odhadovan\u00e1 doba \u010dten\u00ed\" \/>\n\t<meta name=\"twitter:data1\" content=\"3 minuty\" \/>\n<script type=\"application\/ld+json\" class=\"yoast-schema-graph\">{\"@context\":\"https:\/\/schema.org\",\"@graph\":[{\"@type\":\"WebPage\",\"@id\":\"https:\/\/rohlikvparku.cz\/rvphome\/ochrana-osobnich-udaju\/\",\"url\":\"https:\/\/rohlikvparku.cz\/rvphome\/ochrana-osobnich-udaju\/\",\"name\":\"ochrana osobn\u00edch \u00fadaj\u016f - Rohl\u00edk v p\u00e1rku\",\"isPartOf\":{\"@id\":\"https:\/\/rohlikvparku.cz\/rvphome\/#website\"},\"datePublished\":\"2021-09-06T13:16:06+00:00\",\"dateModified\":\"2021-09-06T13:28:17+00:00\",\"breadcrumb\":{\"@id\":\"https:\/\/rohlikvparku.cz\/rvphome\/ochrana-osobnich-udaju\/#breadcrumb\"},\"inLanguage\":\"cs\",\"potentialAction\":[{\"@type\":\"ReadAction\",\"target\":[\"https:\/\/rohlikvparku.cz\/rvphome\/ochrana-osobnich-udaju\/\"]}]},{\"@type\":\"BreadcrumbList\",\"@id\":\"https:\/\/rohlikvparku.cz\/rvphome\/ochrana-osobnich-udaju\/#breadcrumb\",\"itemListElement\":[{\"@type\":\"ListItem\",\"position\":1,\"name\":\"Dom\u016f\",\"item\":\"https:\/\/rohlikvparku.cz\/rvphome\/\"},{\"@type\":\"ListItem\",\"position\":2,\"name\":\"ochrana osobn\u00edch \u00fadaj\u016f\"}]},{\"@type\":\"WebSite\",\"@id\":\"https:\/\/rohlikvparku.cz\/rvphome\/#website\",\"url\":\"https:\/\/rohlikvparku.cz\/rvphome\/\",\"name\":\"Rohl\u00edk v p\u00e1rku\",\"description\":\"Nekone\u010dn\u00e1 lahoda\",\"publisher\":{\"@id\":\"https:\/\/rohlikvparku.cz\/rvphome\/#organization\"},\"potentialAction\":[{\"@type\":\"SearchAction\",\"target\":{\"@type\":\"EntryPoint\",\"urlTemplate\":\"https:\/\/rohlikvparku.cz\/rvphome\/?s={search_term_string}\"},\"query-input\":\"required name=search_term_string\"}],\"inLanguage\":\"cs\"},{\"@type\":\"Organization\",\"@id\":\"https:\/\/rohlikvparku.cz\/rvphome\/#organization\",\"name\":\"Rohl\u00edk v p\u00e1rku s.r.o.\",\"url\":\"https:\/\/rohlikvparku.cz\/rvphome\/\",\"logo\":{\"@type\":\"ImageObject\",\"inLanguage\":\"cs\",\"@id\":\"https:\/\/rohlikvparku.cz\/rvphome\/#\/schema\/logo\/image\/\",\"url\":\"https:\/\/rohlikvparku.cz\/wp-content\/uploads\/2020\/08\/RVP07cz.png\",\"contentUrl\":\"https:\/\/rohlikvparku.cz\/wp-content\/uploads\/2020\/08\/RVP07cz.png\",\"width\":758,\"height\":760,\"caption\":\"Rohl\u00edk v p\u00e1rku s.r.o.\"},\"image\":{\"@id\":\"https:\/\/rohlikvparku.cz\/rvphome\/#\/schema\/logo\/image\/\"},\"sameAs\":[\"https:\/\/www.facebook.com\/Rohl\u00edk-v-p\u00e1rku-105049677970899\",\"https:\/\/www.youtube.com\/channel\/UCufUYpnc7_OUUEHJMseMZZw\/videos\"]}]}<\/script>\n<!-- \/ Yoast SEO plugin. -->","yoast_head_json":{"title":"ochrana osobn\u00edch \u00fadaj\u016f - Rohl\u00edk v p\u00e1rku","robots":{"index":"index","follow":"follow","max-snippet":"max-snippet:-1","max-image-preview":"max-image-preview:large","max-video-preview":"max-video-preview:-1"},"canonical":"https:\/\/rohlikvparku.cz\/rvphome\/ochrana-osobnich-udaju\/","og_locale":"cs_CZ","og_type":"article","og_title":"ochrana osobn\u00edch \u00fadaj\u016f - Rohl\u00edk v p\u00e1rku","og_description":"Z\u00e1sady ochrany osobn\u00edch \u00fadaj\u016f Z\u00e1sady ochrany osobn\u00edch \u00fadaj\u016f webu rohlikvparku.cz Spr\u00e1va webu rohlikvparku.cz se zavazuje dodr\u017eovat z\u00e1sady ochrany Va\u0161ich osobn\u00edch \u00fadaj\u016f na Internetu. Klademe velk\u00fd d\u016fraz na ochranu poskytovan\u00fdch \u00fadaj\u016f. Na\u0161e z\u00e1sady ochrany osobn\u00edch \u00fadaj\u016f jsou zalo\u017eeny na\u00a0ustanoven\u00edch V\u0161eobecn\u00fdch p\u0159edpis\u016f pro ochranu osobn\u00edch \u00fadaj\u016f Evropsk\u00e9 unie (GDPR).\u00a0\u00da\u010dely, pro kter\u00e9 shroma\u017e\u010fujeme osobn\u00ed \u00fadaje, jsou tyto: zlep\u0161en\u00ed &hellip; Pokra\u010dovat ve \u010dten\u00ed \"ochrana osobn\u00edch \u00fadaj\u016f\"","og_url":"https:\/\/rohlikvparku.cz\/rvphome\/ochrana-osobnich-udaju\/","og_site_name":"Rohl\u00edk v p\u00e1rku","article_publisher":"https:\/\/www.facebook.com\/Rohl%c3%adk-v-p%c3%a1rku-105049677970899","article_modified_time":"2021-09-06T13:28:17+00:00","twitter_card":"summary_large_image","twitter_misc":{"Odhadovan\u00e1 doba \u010dten\u00ed":"3 minuty"},"schema":{"@context":"https:\/\/schema.org","@graph":[{"@type":"WebPage","@id":"https:\/\/rohlikvparku.cz\/rvphome\/ochrana-osobnich-udaju\/","url":"https:\/\/rohlikvparku.cz\/rvphome\/ochrana-osobnich-udaju\/","name":"ochrana osobn\u00edch \u00fadaj\u016f - Rohl\u00edk v p\u00e1rku","isPartOf":{"@id":"https:\/\/rohlikvparku.cz\/rvphome\/#website"},"datePublished":"2021-09-06T13:16:06+00:00","dateModified":"2021-09-06T13:28:17+00:00","breadcrumb":{"@id":"https:\/\/rohlikvparku.cz\/rvphome\/ochrana-osobnich-udaju\/#breadcrumb"},"inLanguage":"cs","potentialAction":[{"@type":"ReadAction","target":["https:\/\/rohlikvparku.cz\/rvphome\/ochrana-osobnich-udaju\/"]}]},{"@type":"BreadcrumbList","@id":"https:\/\/rohlikvparku.cz\/rvphome\/ochrana-osobnich-udaju\/#breadcrumb","itemListElement":[{"@type":"ListItem","position":1,"name":"Dom\u016f","item":"https:\/\/rohlikvparku.cz\/rvphome\/"},{"@type":"ListItem","position":2,"name":"ochrana osobn\u00edch \u00fadaj\u016f"}]},{"@type":"WebSite","@id":"https:\/\/rohlikvparku.cz\/rvphome\/#website","url":"https:\/\/rohlikvparku.cz\/rvphome\/","name":"Rohl\u00edk v p\u00e1rku","description":"Nekone\u010dn\u00e1 lahoda","publisher":{"@id":"https:\/\/rohlikvparku.cz\/rvphome\/#organization"},"potentialAction":[{"@type":"SearchAction","target":{"@type":"EntryPoint","urlTemplate":"https:\/\/rohlikvparku.cz\/rvphome\/?s={search_term_string}"},"query-input":"required name=search_term_string"}],"inLanguage":"cs"},{"@type":"Organization","@id":"https:\/\/rohlikvparku.cz\/rvphome\/#organization","name":"Rohl\u00edk v p\u00e1rku s.r.o.","url":"https:\/\/rohlikvparku.cz\/rvphome\/","logo":{"@type":"ImageObject","inLanguage":"cs","@id":"https:\/\/rohlikvparku.cz\/rvphome\/#\/schema\/logo\/image\/","url":"https:\/\/rohlikvparku.cz\/wp-content\/uploads\/2020\/08\/RVP07cz.png","contentUrl":"https:\/\/rohlikvparku.cz\/wp-content\/uploads\/2020\/08\/RVP07cz.png","width":758,"height":760,"caption":"Rohl\u00edk v p\u00e1rku s.r.o."},"image":{"@id":"https:\/\/rohlikvparku.cz\/rvphome\/#\/schema\/logo\/image\/"},"sameAs":["https:\/\/www.facebook.com\/Rohl\u00edk-v-p\u00e1rku-105049677970899","https:\/\/www.youtube.com\/channel\/UCufUYpnc7_OUUEHJMseMZZw\/videos"]}]}},"_links":{"self":[{"href":"https:\/\/rohlikvparku.cz\/rvphome\/wp-json\/wp\/v2\/pages\/2286"}],"collection":[{"href":"https:\/\/rohlikvparku.cz\/rvphome\/wp-json\/wp\/v2\/pages"}],"about":[{"href":"https:\/\/rohlikvparku.cz\/rvphome\/wp-json\/wp\/v2\/types\/page"}],"author":[{"embeddable":true,"href":"https:\/\/rohlikvparku.cz\/rvphome\/wp-json\/wp\/v2\/users\/1"}],"replies":[{"embeddable":true,"href":"https:\/\/rohlikvparku.cz\/rvphome\/wp-json\/wp\/v2\/comments?post=2286"}],"version-history":[{"count":7,"href":"https:\/\/rohlikvparku.cz\/rvphome\/wp-json\/wp\/v2\/pages\/2286\/revisions"}],"predecessor-version":[{"id":2295,"href":"https:\/\/rohlikvparku.cz\/rvphome\/wp-json\/wp\/v2\/pages\/2286\/revisions\/2295"}],"wp:attachment":[{"href":"https:\/\/rohlikvparku.cz\/rvphome\/wp-json\/wp\/v2\/media?parent=2286"}],"curies":[{"name":"wp","href":"https:\/\/api.w.org\/{rel}","templated":true}]}}